
What are the prime factors of 118555?
5, 131, 181
List the prime factors of 384169.
23, 16703
What are the prime factors of 373308?
2, 3, 13, 2393
List the prime factors of 1091761.
11, 99251
What are the prime factors of 10534866?
2, 3, 17, 179, 577
What are the prime factors of 61636?
2, 19, 811
What are the prime factors of 436436?
2, 7, 11, 13, 109
List the prime factors of 6070200.
2, 3, 5, 67, 151
What are the prime factors of 202094?
2, 37, 2731
List the prime factors of 1713285.
3, 5, 7, 37
What are the prime factors of 3608546?
2, 1804273
What are the prime factors of 20309802?
2, 3, 29, 151, 773
What are the prime factors of 2271931?
17, 107, 1249
List the prime factors of 283637.
283637
List the prime factors of 3382066.
2, 1691033
What are the prime factors of 15845137?
7, 11, 23, 389
What are the prime factors of 3715402?
2, 1857701
List the prime factors of 15849811.
1979, 8009
List the prime factors of 12954912.
2, 3, 134947
What are the prime factors of 188745?
3, 5, 12583
What are the prime factors of 3092605?
5, 618521
List the prime factors of 3761632.
2, 7, 2399
What are the prime factors of 15431089?
15431089
List the prime factors of 1250717.
13, 23, 47, 89
List the prime factors of 436517.
23, 18979
List the prime factors of 14357.
7, 293
List the prime factors of 32427.
3, 1201
List the prime factors of 27573072.
2, 3, 574439
List the prime factors of 4772270.
2, 5, 23, 20749
List the prime factors of 113494.
2, 56747
What are the prime factors of 565894?
2, 7, 83, 487
What are the prime factors of 49498?
2, 24749
What are the prime factors of 5743411?
5743411
What are the prime factors of 13013363?
11, 1183033
What are the prime factors of 756521?
313, 2417
List the prime factors of 650732.
2, 162683
List the prime factors of 6263656.
2, 7, 37, 3023
What are the prime factors of 963889?
19, 97, 523
What are the prime factors of 22765321?
1489, 15289
What are the prime factors of 7882006?
2, 11, 358273
What are the prime factors of 8026734?
2, 3, 41, 67, 487
What are the prime factors of 554746?
2, 277373
List the prime factors of 210189.
3, 7, 10009
List the prime factors of 1228237.
29, 41, 1033
What are the prime factors of 637461?
3, 11, 47, 137
What are the prime factors of 5379990?
2, 3, 5, 7, 11, 17, 137
List the prime factors of 5443325.
5, 217733
List the prime factors of 786942.
2, 3, 13, 19, 59
What are the prime factors of 46687?
46687
List the prime factors of 4288136.
2, 536017
What are the prime factors of 282695?
5, 7, 41, 197
What are the prime factors of 2194307?
73, 30059
List the prime factors of 1437943.
13, 53, 2087
List the prime factors of 620690.
2, 5, 7, 8867
What are the prime factors of 95929?
95929
What are the prime factors of 18916905?
3, 5, 7, 180161
What are the prime factors of 2857449?
3, 7, 136069
What are the prime factors of 8308671?
3, 7, 173, 2287
What are the prime factors of 130274?
2, 53, 1229
List the prime factors of 528013.
528013
What are the prime factors of 10184785?
5, 13, 17, 709
List the prime factors of 35896817.
11, 167, 19541
What are the prime factors of 23188105?
5, 1637, 2833
List the prime factors of 23935110.
2, 3, 5, 313, 2549
What are the prime factors of 200981?
11, 151
List the prime factors of 7699.
7699
List the prime factors of 4510691.
23, 196117
What are the prime factors of 4969651?
41, 53, 2287
What are the prime factors of 415160?
2, 5, 97, 107
What are the prime factors of 152111?
152111
What are the prime factors of 5408296?
2, 676037
What are the prime factors of 3393995?
5, 11, 23, 2683
What are the prime factors of 1288090?
2, 5, 17, 7577
What are the prime factors of 189739?
11, 47, 367
What are the prime factors of 273611?
13, 1619
List the prime factors of 2844350.
2, 5, 163, 349
What are the prime factors of 226506?
2, 3, 7, 5393
List the prime factors of 323045.
5, 64609
List the prime factors of 4371638.
2, 43, 50833
What are the prime factors of 2091155?
5, 11, 193, 197
List the prime factors of 283085.
5, 11, 5147
What are the prime factors of 21368186?
2, 7, 29, 52631
What are the prime factors of 9985379?
31, 322109
List the prime factors of 569066.
2, 23, 89, 139
What are the prime factors of 2084730?
2, 3, 5, 69491
What are the prime factors of 18260973?
3, 103, 19699
What are the prime factors of 3512181?
3, 1170727
What are the prime factors of 371858?
2, 17, 10937
What are the prime factors of 8004192?
2, 3, 7, 43, 277
What are the prime factors of 226382?
2, 13, 8707
List the prime factors of 82738.
2, 41, 1009
List the prime factors of 34140.
2, 3, 5, 569
List the prime factors of 135688.
2, 7, 2423
What are the prime factors of 7582?
2, 17, 223
What are the prime factors of 1041853?
1041853
What are the prime factors of 13385?
5, 2677
List the prime factors of 6960617.
101, 68917
List the prime factors of 831415.
5, 13, 12791
What are the prime factors of 1688990?
2, 5, 168899
List the prime factors of 6896457.
3, 766273
What are the prime factors of 1406439?
3, 31, 71
List the prime factors of 374233.
23, 53, 307
List the prime factors of 11070605.
5, 7, 13, 29, 839
What are the prime factors of 1928601?
3, 421, 509
List the prime factors of 43220.
2, 5, 2161
List the prime factors of 24180119.
41, 589759
List the prime factors of 801869.
59, 13591
What are the prime factors of 1738823?
19, 23, 173
List the prime factors of 746115.
3, 5, 49741
What are the prime factors of 1496833?
13, 17, 521
What are the prime factors of 1975912?
2, 61, 4049
List the prime factors of 384827.
384827
What are the prime factors of 806941?
806941
What are the prime factors of 472598?
2, 7, 33757
What are the prime factors of 463990?
2, 5, 46399
List the prime factors of 8848.
2, 7, 79
What are the prime factors of 117177?
3, 139, 281
List the prime factors of 13553459.
13553459
List the prime factors of 1217631.
3, 43, 9439
What are the prime factors of 653270?
2, 5, 65327
What are the prime factors of 2698435?
5, 539687
List the prime factors of 648370.
2, 5, 23, 2819
List the prime factors of 766868.
2, 191717
What are the prime factors of 3421210?
2, 5, 13, 26317
What are the prime factors of 810137?
810137
What are the prime factors of 59784?
2, 3, 47, 53
List the prime factors of 2217548.
2, 17, 32611
What are the prime factors of 762836?
2, 190709
What are the prime factors of 417194?
2, 29, 7193
What are the prime factors of 2924395?
5, 584879
What are the prime factors of 9898219?
149, 66431
List the prime factors of 2249516.
2, 739, 761
List the prime factors of 89284.
2, 13, 17, 101
What are the prime factors of 2690831?
11, 13, 31, 607
List the prime factors of 229215.
3, 5, 7, 37, 59
List the prime factors of 857341.
857341
What are the prime factors of 249565?
5, 19, 37, 71
What are the prime factors of 16839915?
3, 5, 283, 3967
List the prime factors of 11106.
2, 3, 617
What are the prime factors of 3036022?
2, 11, 59, 2339
What are the prime factors of 45390?
2, 3, 5, 17, 89
What are the prime factors of 3836938?
2, 7, 223, 1229
List the prime factors of 142214.
2, 211, 337
What are the prime factors of 202233?
3, 67411
What are the prime factors of 1116525?
3, 5, 14887
List the prime factors of 3685147.
3685147
What are the prime factors of 2560275?
3, 5, 3793
What are the prime factors of 3956158?
2, 31, 63809
What are the prime factors of 36592?
2, 2287
What are the prime factors of 252614?
2, 126307
What are the prime factors of 10126844?
2, 7, 13, 43, 647
List the prime factors of 571300.
2, 5, 29, 197
List the prime factors of 833462.
2, 7, 37, 1609
What are the prime factors of 11586253?
7, 1655179
What are the prime factors of 2740302?
2, 3, 152239
List the prime factors of 1585177.
11, 53, 2719
List the prime factors of 2068195.
5, 127, 3257
List the prime factors of 5773086.
2, 3, 11, 9719
What are the prime factors of 611345?
5, 7, 17467
What are the prime factors of 1089646?
2, 29, 18787
What are the prime factors of 345003?
3, 115001
List the prime factors of 14698727.
17, 864631
What are the prime factors of 5372408?
2, 17, 39503
List the prime factors of 21513993.
3, 17, 23, 18341
List the prime factors of 56646.
2, 3, 1049
List the prime factors of 65461.
11, 541
What are the prime factors of 121656?
2, 3, 3